-96 - -136)).
-84
Evaluate 3 - (19 + 2) - (-393 + 380).
-5
(-953 - -919) + -1 + 1
-34
(-56 - (-25 + -47) - (0 - 6)) + 82
104
Evaluate -9 + (-139 - -62) - -165.
79
What is the value of (-34 - -1 - (-77 - -44)) + (-2 - 24) + 2?
-24
What is the value of -25 - -30 - 2 - -32?
35
Evaluate -5 + 12 - -46 - 14 - (-2 + 19).
22
Calculate (-9 + -32 - -18) + 29.
6
What is the value of 18 + 2 - (8 + -39)?
51
What is 2 + -19 - (18 + 2 + 15 + -26 + -6)?
-20
What is 6 + (-10 - -10) + -3 + 1 - (40 - 32)?
-4
Evaluate -97 - (-30 + -18 + -18).
-31
Evaluate 355 + -567 + 138 + 8.
-66
Evaluate -30 + 6 + 19 - (-2 + 4 + -2).
-5
What is the value of -1 + 7 + 8 + 1 + -19 + -4 + 43?
35
Calculate (7 - -17 - 21) + (-2 - -1) + 114.
116
What is 10 - (-1 + 14 - (-49 - -47)) - (-6 + -94)?
95
What is (-76 + 39 - -8) + (-5 + 1 - (-10 - -5))?
-28
-68 + (146 - -52) + 9
139
Calculate (9 - (11 + 37 + -6 + -12)) + 29.
8
Evaluate -40 + 36 + (-4 - (-8 + (-5 - -10 - 9))).
4
Calculate -5 - (5 + (-17 - (6 - 21)) + (-17 - -8)).
1
Calculate -71 - -291 - (15 - -111).
94
What is the value of -29 - 52 - (-7 - (-10 + 3)) - -7?
-74
Evaluate (0 - (2 + -17)) + (-166 - (50 + -251)).
50
Calculate -419 + 413 - (-4 - (7 + -4 + 19)).
20
What is (-2 - (1 - -3 - 52)) + -2 + (47 - 55)?
36
What is 21 + (-496 + 472 - (-6 - (-6 + 4)))?
1
6 - (-10 + 14 + -16 + 1 + 51)
-34
Evaluate (-332 + 55 - -138) + 67.
-72
What is -31 + 86 - (-5 - (-31 - -18))?
47
(41 - (2 - -22)) + 26
43
Evaluate 106 + (32 + -7 + -30 - (5 - 0) - -14).
110
What is 34 + -10 - 44 - (-93 + -6 + 18)?
61
What is (2 + 7 - 6 - 2) + 4 + 14 + -8?
11
Evaluate (-937 - -915 - (0 - 28)) + -15.
-9
Evaluate -7 + (16 - ((-11 - -4) + 16)) + 66 + 0.
66
Evaluate -15 - (-32 + 8) - 36.
-27
What is 53 - (30 + 17 + 0)?
6
What is the value of -109 + 6 + 7 + -13 + (-28 - -28)?
-109
(-66 - -75 - 37) + -36
-64
(1 - 9 - (16 - -3 - 18)) + 60 + -14
37
-36 - (68 - 32 - 0 - 136)
64
Calculate (-21 - (-3 + 14 - 23)) + 63.
54
What is the value of -32 - ((25 - (17 - (-3 - -8))) + 0 + -28)?
-17
What is 54 + (-19 - 147) + (-5 - -3) + (13 - -1)?
-100
Evaluate (1 - 1) + 18 + (-70 - (-118 + 71 - 22)).
17
Evaluate 15 - (7 + -7 + 26).
-11
Evaluate 31 + -173 + (197 - 146).
-91
What is 58 + 2 + 1 + 10 + -124 + (-18 - -124)?
53
Evaluate -33 - (5 - 8 - (-13 + 9 - -2)).
-32
Calculate (8 - (-18 + 52)) + 5 + -23 - 20.
-64
(170 - -132) + -49 - 128
125
What is the value of (-13 - (-17 + -57)) + -27 - (-1 - 6)?
41
Calculate (0 - -107) + 17015 + -17194.
-72
3 + 70 - (-20 - (124 + -157)) - (-16 - 0)
76
Calculate -7 + 19 + -1 + 20 + -41 + 11 + 4.
5
-7 - 62 - -42 - -24
-3
-32 + 97 - (150 + -71)
-14
Evaluate -20 + 0 + (1257 - 1259).
-22
Calculate (-29 - -57 - -12) + -14 - -53.
79
Calculate 11 - (9 + (13 - -2) + (112 - 112)).
-13
Evaluate (-97 - (-24 - (-5 - -8))) + -3.
-73
49 + 6 + 11 + ((14 - 5) + 3 - 25)
53
Calculate (469 + -463 - (-2 - -143)) + (-6 - -3) + 16.
-122
What is the value of 36 + 84 + (46 + -69 - (-10 + 0))?
107
Evaluate (-2 - -35) + 141 + -157 + -81.
-64
What is the value of 1 - (137 + 2 + 48 + -41) - -19?
-126
What is (8 - (2 + 5)) + 6 + -48 - (-65 + 59)?
-35
19 - (20 + (-46 - 2) - -20)
27
What is the value of -20 + 63 + -24 + -21 + -15?
-17
What is the value of 10 + 12 + (15 + -25 + -8 - -6)?
10
What is the value of 68 - (60 + -90) - 183?
-85
Calculate (-1 - 2 - (24 + -3)) + -3 + (73 - 71).
-25
Evaluate 2 + (-12 - -4) + -2 + -31 + 68 + -28.
1
-16 - ((50 - 10) + 2) - (-5 + -5)
-48
Evaluate -66 + -1 + -1 + 19 + -25 + (37 - 37).
-74
What is the value of -105 + (-76 - -50) + 28?
-103
What is the value of (-244 + 232 - (3 + -1)) + (-2 - -100)?
84
What is the value of -3 + -20 + 87 - (17 - (7 - 13))?
41
What is the value of 3 + -8 - -2 - (-8 + 11 + 0) - -47?
41
Evaluate 62 - ((21 - 23) + -30 - -14).
80
What is (-18 - -64) + -63 + (-23 - -1)?
-39
What is 14 + 1 + (31 - 31) + -28 + (-37 - -7)?
-43
What is the value of (62 - (104 - 46)) + (0 - (-2 + -11))?
17
Evaluate (11 - 0 - (10 - 37)) + (-9 - -16).
45
What is -99 - ((-251 - -121) + 58)?
-27
Evaluate (-6 + 18 + -22 - 5) + 0 + -9.
-24
(0 - -2 - 0) + 28 - (-733 + 727)
36
(-1 - -14) + -81 + (46 + 8 - 38)
-52
What is the value of (-1 + -14 - -10) + (59 - -25) + -5?
74
Calculate -5 - (-15 - (26 + -35 + 9 + (63 - 1))).
72
What is -4 + 19 + (20 - (-12 - -18) - 6)?
23
-4 + (-35 - 0) - (13 + 17 - 25)
-44
What is 14 + -14 - (-3 + -29 + 2 - (9 + -10))?
29
53 + -124 + 62 + -1 + -55
-65
0 - 30 - (-25 + 9 + (-7 - -20) - -5)
-32
-17 + (-49 - 25) - (7 - 9)
-89
Evaluate (299 - 411) + 118 + 3.
9
-59 + (-75 - -91) - 16
-59
Calculate 16 + 22 + -35 - (-137 + 31 + (-1 - 0)).
110
What is (0 - 40) + (-3 + 9 - ((34 - -1) + -27))?
-42
-15 + (-27 - -49) - (19 - 6)
-6
What is (69 - 5) + -44 - -16?
36
What is the value of (1265 - 1257) + (0 - (-6 - -34))?
-20
What is (-40 + 45 - (3 - 18)) + 19?
39
Calculate (0 + -4 - (1 - 17)) + (18 - (-15 - 19)).
64
What is 20 - (1 + -27) - (5 + 5)?
36
What is the value of (-1 - 3) + 6 + -5 + -1 + 93 + -31?
58
What is 18 + 5 + (21 - (-17 + 81))?
-20
Evaluate (14833 - 14838) + 14 + 1.
10
-34 - (-40 + (-27 - -63))
-30
Evaluate (-82 - (-35 - 36)) + 2.
-9
What is -28 + 1 + 45 + (5 - -2)?
25
What is -9240 - -9348 - (10 - 1)?
99
Evaluate (0 + -31 - (-31 - -15) - (-7 + 0)) + -19.
-27
Calculate 47 + -27 + (109 - 25) + -35.
69
-9 + 15 - (6 + -16 + -8 + 4)
20
Evaluate (67 - 141) + -95 + 152.
-17
What is the value of (6 + 47 - 5) + (22 + -15 - 15 - -4)?
44
What is the value of -50 + -28 + -123 + 180?
-21
Calculate -47 + 2 - (7 + -13 - (22 + -18 + -11)).
-46
What is the value of (-31 - -61) + -4 - (-1 + 17)?
10
Calculate (-107 - 10 - -214) + 33.
130
What is the value of (265 - 43) + -98 - 226?
-102
Evaluate 48 - 1 - (4 + 1 + (-23 + 15 - -11)).
39
-65 - -25 - 13 - -23
-30
What is 0 + -4 + 3 - (-994 + 999)?
-6
What is (-4 - -2 - -1 - 3) + (190 - 46) + -150?
-10
-62 - (-5 + ((3 - 8) + -4 - 3))
-45
What is 294 + -490 + (1 - -26) + 43?
-126
Evaluate -2 + (9 + -28 + 26 - (0 + -11)).
16
(-40 - -9) + 21 + (-7 - 11)
-28
What is -9 + -62 + -7 + -4 + 15 + 7?
-60
What is the value of -3 + -1 + 3 - (1 + (-11 - (-12 + 14)))?
11
Calculate 82 + 3 + (40 - (79 - 19)).
65
Evaluate (-1 - 12 - (58 + -36 + -41)) + 14.
20
What is 1 + -2 - (6 + (15 - (-19 + 39))) - -42?
40
What is 11 - (-2 + (23 - 1) - -5)?
-14
Evaluate 331 - 351 - (-1 + -24).
5
-67 + -1 + -1 + 2 + (17 - 3)
-53
(-2 - 5) + (-53 - -59) - (-5 + 2 - 34)
36
Calculate -55 - -41 - (-1 + 36).
-49
22 + -17 + (-11 + 58 - 25)
27
Evaluate 69 + 3 - (1211 + -1226).
87
3 + -5 + (-27 - 1) + (89 - 80)
-21
(-1 + 41 - -63) + -47
56
Calculate (38 + -64 - -36) + -3.
7
What is the value of -6 + (5 - ((-16 - -4 - -1) + -4)) - -46?
60
Evaluate -36 + 44 + 1 - (-8 + 135 + -9).
-109
What is the value of ((29 - 11) + -11 - 21) + 3?
-11
Evaluate 12 + -2 + -61 + 9.
-42
Calculate (18 - 4) + -39 + 24 + 18 - 129.
-112
Calculate 23 - (6 - -12) - (5 - 10 - -47).
-37
48 - 52 - (-34 + -4 + 15 + -5 + -7)
31
What is the value of -7 + (9 - 0 - (2 - 7)) - -55?
62
What is -35 - (6 - -19 - 22 - -26)?
-64
What is the value of 35 + (-28 - (-44 - -48))?
3
12 + -13 - -20 - 57
-38
Calculate (2519 - 2504) + (-4 - 131).
-120
What is (1 - 35) + 80 + 26 + -21?
51
20 + (-31 - 67) + 53
-25
-11 + 33 + -5 - (-175 + 133)
59
What is the value of 1 + (-17 - -34) - 62 - -3 - -21?
-20
What is 3 - (4 + 4 + -9 - 2 - (2 - -14))?
22
What is (-6 - ((-5 - 12) + 13 + -1)) + -1 + -12?
-14
What is 66 + (-52 - -17) + -55?
-24
3 + (0 - 6) + 3 - (22 + -76 + 16)
38
What is -3 - 50 - (-46 - -59 - (28 - 5))?
-43
What is 59 + -65 - (7 - -40)?
-53
What is the value of -13 - (-4 - -2) - (-120 + (3 - -108))?
-2
Calculate -232 - (-14 + -110) - -61.
-47
Calculate 55 + -1 - (4 + (109 - 130)).
71
Evaluate 3 + -10 + -3 + (5 - (5 - 6)) + 10.
6
What is the value of -5 + -33 + 26 + 14 + 7 + -24?
-15
What is the value of -15 + -12 + (-109 + 108 - (63 - 0)) - 14?
-105
Evaluate -43 + 17 + -372 + 332.
-66
Calculate (-4 - -4) + (-5 - -20) - 46.
-31
69 + -44 + 2 + 1 - -9
37
What is the value of -16 - (-155 - -29 - -72)?
38
Calculate (5 - (3 + -5 - -13) - (-14 + 5)) + -11.
-8
Evaluate (-42 + 67 - -79) + -116.
-12
Evaluate 9 + (-133 + 107 - -21) + 0 + 15 + -1.
18
Evaluate 8 - (-15 + -4 - -30) - (-1 - -100 - -1).
-103
Evaluate 1 - -13 - (11 - 7 - 23).
33
What is the value of -13 + (25 + -4